1793?
False
Is 203 a factor of 346927?
True
Does 19 divide 19568689?
True
Is 5865036 a multiple of 47?
True
Is 15920 a multiple of 20?
True
Does 5 divide 3326237?
False
Is 12 a factor of 52416?
True
Does 25 divide 446993?
False
Does 34 divide 341904?
True
Does 23 divide 258083?
True
Does 304 divide 3542816?
True
Is 1056 a factor of 13386912?
True
Is 706400 a multiple of 50?
True
Is 10 a factor of 189849?
False
Is 4217218 a multiple of 91?
False
Does 41 divide 2457123?
False
Is 451870 a multiple of 68?
False
Does 192 divide 114624?
True
Does 532 divide 630420?
True
Does 40 divide 279332?
False
Does 16 divide 319072?
True
Is 4 a factor of 345956?
True
Does 106 divide 59678?
True
Is 62 a factor of 1309754?
False
Does 162 divide 10809548?
False
Is 10 a factor of 183620?
True
Is 1611870 a multiple of 218?
False
Is 3238365 a multiple of 21?
False
Does 133 divide 398335?
True
Is 12 a factor of 3912816?
True
Is 833 a factor of 366749?
False
Is 23617 a multiple of 11?
True
Does 2 divide 224782?
True
Does 17 divide 13776545?
True
Is 98227 a multiple of 14?
False
Does 29 divide 18589?
True
Does 244 divide 10326170?
False
Is 3 a factor of 66075?
True
Is 1502769 a multiple of 629?
False
Is 436987 a multiple of 54?
False
Does 91 divide 4599913?
False
Is 35 a factor of 176855?
True
Does 3 divide 66328?
False
Is 2341406 a multiple of 567?
False
Is 20583680 a multiple of 20?
True
Does 10 divide 1258447?
False
Does 511 divide 13840946?
True
Is 16 a factor of 22623?
False
Is 843280 a multiple of 254?
True
Is 130 a factor of 19341261?
False
Does 19 divide 24358?
True
Does 387 divide 1230936?
False
Does 14 divide 28357?
False
Is 140 a factor of 260960?
True
Is 8 a factor of 35430?
False
Is 964395 a multiple of 87?
True
Is 24258 a multiple of 44?
False
Does 538 divide 4897414?
True
Is 82092 a multiple of 96?
False
Is 1532222 a multiple of 117?
False
Is 30 a factor of 29250?
True
Does 65 divide 66755?
True
Is 132160 a multiple of 112?
True
Is 87906 a multiple of 98?
True
Is 19058214 a multiple of 2507?
True
Is 394 a factor of 2085186?
False
Is 53 a factor of 945679?
True
Is 8 a factor of 19576555?
False
Is 5 a factor of 4771245?
True
Does 315 divide 204120?
True
Is 93 a factor of 5809617?
True
Does 23 divide 402982?
False
Does 123 divide 245786?
False
Does 8 divide 1027546?
False
Is 1056 a factor of 4627392?
True
Is 103670 a multiple of 11?
False
Is 2 a factor of 31261?
False
Does 11 divide 1890032?
False
Is 30 a factor of 729?
False
Is 82 a factor of 30612?
False
Is 4156755 a multiple of 15?
True
Is 30 a factor of 424230?
True
Does 42 divide 283472?
False
Is 2090539 a multiple of 11?
True
Does 125 divide 799875?
True
Does 343 divide 198940?
True
Is 1298712 a multiple of 603?
False
Does 9 divide 111888?
True
Is 10327092 a multiple of 186?
True
Does 91 divide 18003?
False
Is 104471 a multiple of 731?
False
Is 62370 a multiple of 85?
False
Does 4 divide 230401?
False
Does 295 divide 16738?
False
Does 47 divide 2241665?
True
Is 7120206 a multiple of 222?
True
Is 248356 a multiple of 13?
False
Is 407940 a multiple of 523?
True
Is 15874 a multiple of 3?
False
Is 38556 a multiple of 28?
True
Does 53 divide 185243?
False
Is 1408217 a multiple of 7?
False
Does 35 divide 5995221?
False
Is 144096 a multiple of 79?
True
Is 15565736 a multiple of 382?
True
Does 12 divide 11251008?
True
Is 213500 a multiple of 25?
True
Is 5231765 a multiple of 535?
True
Does 1116 divide 10203114?
False
Does 96 divide 643980?
False
Is 1429365 a multiple of 22?
False
Is 43 a factor of 22211?
False
Does 82 divide 502660?
True
Does 49 divide 1936456?
False
Does 24 divide 37502487?
False
Does 110 divide 7468?
False
Is 42402 a multiple of 6?
True
Is 451 a factor of 823075?
True
Does 59 divide 806235?
True
Does 64 divide 5089?
False
Does 20 divide 10488498?
False
Does 497 divide 2171388?
False
Is 72637 a multiple of 2?
False
Is 483595 a multiple of 431?
False
Does 52 divide 1040884?
True
Is 5474394 a multiple of 171?
True
Is 255115 a multiple of 185?
True
Is 11 a factor of 46492?
False
Is 194 a factor of 14349598?
True
Is 9 a factor of 5621598?
True
Does 5 divide 996585?
True
Is 17 a factor of 25438443?
True
Is 1146048 a multiple of 13?
False
Is 23408 a multiple of 4?
True
Does 172 divide 209152?
True
Is 2 a factor of 11781?
False
Is 13 a factor of 896762?
False
Is 393 a factor of 142266?
True
Is 13775 a multiple of 4?
False
Is 13966 a multiple of 3?
False
Does 17 divide 357430?
False
Is 38 a factor of 5921502?
True
Does 48 divide 3264?
True
Is 260842 a multiple of 82?
True
Is 43 a factor of 49478?
False
Does 101 divide 27371?
True
Is 1503684 a multiple of 117?
True
Does 367 divide 2428088?
False
Does 12 divide 367054?
False
Does 342 divide 2380222?
False
Is 3611480 a multiple of 17?
True
Does 142 divide 265256?
True
Does 22 divide 156508?
True
Does 61 divide 6676633?
True
Is 31572 a multiple of 9?
True
Is 5069068 a multiple of 12?
False
Is 4 a factor of 115864?
True
Does 71 divide 328446?
True
Is 37 a factor of 335135?
False
Does 659 divide 553419?
False
Is 200992 a multiple of 8?
True
Does 4 divide 594829?
False
Does 77 divide 348606?
False
Is 3 a factor of 95568?
True
Is 115 a factor of 16196?
False
Does 16 divide 10133632?
True
Is 895695 a multiple of 83?
False
Does 835 divide 2973435?
True
Does 617 divide 94011?
False
Is 254 a factor of 34487?
False
Is 51 a factor of 9441630?
True
Is 806159 a multiple of 9?
False
Is 85 a factor of 40545?
True
Does 121 divide 716118?
False
Does 645 divide 994727?
False
Is 58 a factor of 514173?
False
Is 567218 a multiple of 9?
False
Is 983883 a multiple of 263?
True
Is 442044 a multiple of 138?
False
Does 13 divide 69082?
True
Does 4 divide 376276?
True
Is 365532 a multiple of 12?
True
Does 16 divide 5290145?
False
Does 127 divide 539750?
True
Does 32 divide 245444?
False
Is 50 a factor of 129512?
False
Does 13 divide 145420?
False
Is 338079 a multiple of 727?
False
Is 695372 a multiple of 133?
False
Is 186680 a multiple of 77?
False
Is 10 a factor of 33767?
False
Does 137 divide 467444?
True
Is 285 a factor of 5297010?
True
Does 1514 divide 569264?
True
Is 412596 a multiple of 6?
True
Does 120 divide 92606?
False
Is 263166 a multiple of 23?
True
Is 23526 a multiple of 23?
False
Does 617 divide 37216?
False
Is 2 a factor of 374336?
True
Is 511306 a multiple of 145?
False
Is 3 a factor of 4050?
True
Is 36 a factor of 337867?
False
Is 45800 a multiple of 5?
True
Is 650 a factor of 5850?
True
Is 11 a factor of 101222?
True
Is 16 a factor of 17552?
True
Is 38201 a multiple of 4?
False
Is 1803329 a multiple of 781?
True
Does 917 divide 1284717?
True
Is 436905 a multiple of 171?
True
Does 43 divide 157982?
True
Does 103 divide 14626?
True
Does 4 divide 779632?
True
Is 300729 a multiple of 177?
False
Does 152 divide 280592?
True
Does 75 divide 52725?
True
Does 9 divide 331704?
True
Is 4 a factor of 728580?
True
Does 31 divide 144336?
True
Does 42 divide 689879?
False
Is 27 a factor of 250533?
True
Is 39 a factor of 43901?
False
Does 181 divide 1082199?
True
Is 861440 a multiple of 128?
True
Does 6 divide 493746?
True
Is 63790 a multiple of 6?
False
Does 62 divide 1539770?
True
Does 9 divide 105426?
True
Does 1752 divide 15125016?
True
Is 9 a factor of 27927?
True
Is 257397 a multiple of 357?
True
Does 21 divide 155022?
True
Is 208845 a multiple of 85?
True
Is 11396 a multiple of 154?
True
Is 1109 a factor of 8357761?
False
Is 3736865 a multiple of 55?
True
Is 311915 a multiple of 5?
True
Does 12 divide 4021920?
True
Does 42 divide 10038?
True
Is 1727843 a multiple of 8?
False
Is 58 a factor of 3423037?
False
Does 18 divide 692406?
True
Is 141 a factor of 576114?
False
Does 35 divide 291947?
False
Is 3129096 a multiple of 12?
True
Does 26 divide 129090?
True
Is 2391548 a multiple of 26?
False
Does 104 divide 367224?
True
Does 52 divide 49868?
True
Is 12 a factor of 249630?
False
Does 6 divide 42663?
False
Does 2 divide 251649?
False
Is 1018164 a multiple of 69?
True
Does 7 divide 493615?
False
Does 98 divide 1058596?
True
Does 18 divide 97312?
False
Is 19950 a multiple of 14?
True
Does 56 divide 63969?
False
Does 203 divide 692537?
False
Does 202 divide 10203?
False
Does 140 divide 136961?
False
Does 61 divide 14727?
False
Is 31 a factor of 485615?
True
Does 213 divid